{"id":57,"date":"2019-11-04T12:31:02","date_gmt":"2019-11-04T12:31:02","guid":{"rendered":"http:\/\/demosktthemes.com\/free\/solution\/?page_id=11"},"modified":"2026-02-21T08:10:11","modified_gmt":"2026-02-21T07:10:11","slug":"3d-sluzby","status":"publish","type":"page","link":"https:\/\/pronetis.eu\/?page_id=57","title":{"rendered":"3D slu\u017eby"},"content":{"rendered":"\n<figure class=\"wp-block-image size-large is-resized\"><img loading=\"lazy\" decoding=\"async\" width=\"1024\" height=\"572\" src=\"https:\/\/pronetis.eu\/wp-content\/uploads\/2026\/02\/98-1024x572.jpg\" alt=\"\" class=\"wp-image-159\" style=\"aspect-ratio:1.7902177077352417;width:406px;height:auto\" srcset=\"https:\/\/pronetis.eu\/wp-content\/uploads\/2026\/02\/98-1024x572.jpg 1024w, https:\/\/pronetis.eu\/wp-content\/uploads\/2026\/02\/98-300x167.jpg 300w, https:\/\/pronetis.eu\/wp-content\/uploads\/2026\/02\/98-768x429.jpg 768w, https:\/\/pronetis.eu\/wp-content\/uploads\/2026\/02\/98-1536x857.jpg 1536w, https:\/\/pronetis.eu\/wp-content\/uploads\/2026\/02\/98-2048x1143.jpg 2048w\" sizes=\"auto, (max-width: 1024px) 100vw, 1024px\" \/><\/figure>\n\n\n\n<h3 class=\"wp-block-heading\">Komplexn\u00e9 3D slu\u017eby: Od fyzickej predlohy a\u017e po hotov\u00fd produkt<\/h3>\n\n\n\n<p>V <strong>Pronetis, s.r.o.<\/strong> pon\u00fakame ucelen\u00e9 rie\u0161enia v oblasti 3D technol\u00f3gi\u00ed. \u010ci u\u017e potrebujete nahradi\u0165 po\u0161koden\u00fa s\u00fa\u010diastku, zdigitalizova\u0165 rozsiahly objekt z v\u00fd\u0161ky, alebo vyrobi\u0165 plne funk\u010dn\u00fd prototyp, n\u00e1\u0161 technologick\u00fd proces pokryje v\u0161etky va\u0161e po\u017eiadavky pod jednou strechou.<\/p>\n\n\n\n<p>V\u010faka prepojeniu 3D skenovania, leteckej fotogrametrie, reverzn\u00e9ho in\u017einierstva a 3D tla\u010de v\u00e1m \u0161etr\u00edme \u010das aj n\u00e1klady na v\u00fdvoj.<\/p>\n\n\n\n<h4 class=\"wp-block-heading\">1. Presn\u00e9 3D skenovanie (Digitaliz\u00e1cia detailov)<\/h4>\n\n\n\n<div class=\"wp-block-group is-nowrap is-layout-flex wp-container-core-group-is-layout-ad2f72ca wp-block-group-is-layout-flex\">\n<p>Prv\u00fdm krokom k \u00faspe\u0161n\u00e9mu projektu je prenos fyzick\u00e9ho objektu do digit\u00e1lneho sveta. Na\u0161e technol\u00f3gie n\u00e1m umo\u017e\u0148uj\u00fa zachyti\u0165 presn\u00e9 geometrick\u00e9 d\u00e1ta a zlo\u017eit\u00e9 tvary predmetov, ktor\u00e9 by inak bolo takmer nemo\u017en\u00e9 zmera\u0165 klasick\u00fdmi met\u00f3dami.<\/p>\n<\/div>\n\n\n\n<div class=\"wp-block-group is-nowrap is-layout-flex wp-container-core-group-is-layout-ad2f72ca wp-block-group-is-layout-flex\">\n<ul class=\"wp-block-list\">\n<li><strong>Vyu\u017eitie:<\/strong> Digitaliz\u00e1cia re\u00e1lnych objektov, kontrola kvality, archiv\u00e1cia tvarov.<\/li>\n\n\n\n<li><strong>V\u00fdhody:<\/strong> Vysok\u00e1 presnos\u0165, r\u00fdchlos\u0165 a mo\u017enos\u0165 skenova\u0165 aj ve\u013emi zlo\u017eit\u00e9 organick\u00e9 tvary.<\/li>\n<\/ul>\n\n\n\n<figure class=\"wp-block-image size-full is-resized\"><img loading=\"lazy\" decoding=\"async\" width=\"801\" height=\"675\" src=\"https:\/\/pronetis.eu\/wp-content\/uploads\/2026\/02\/sae-1.png\" alt=\"\" class=\"wp-image-153\" style=\"width:209px;height:auto\" srcset=\"https:\/\/pronetis.eu\/wp-content\/uploads\/2026\/02\/sae-1.png 801w, https:\/\/pronetis.eu\/wp-content\/uploads\/2026\/02\/sae-1-300x253.png 300w, https:\/\/pronetis.eu\/wp-content\/uploads\/2026\/02\/sae-1-768x647.png 768w, https:\/\/pronetis.eu\/wp-content\/uploads\/2026\/02\/sae-1-50x42.png 50w\" sizes=\"auto, (max-width: 801px) 100vw, 801px\" \/><\/figure>\n<\/div>\n\n\n\n<h4 class=\"wp-block-heading\">2. Leteck\u00e1 fotogrametria (3D modely z dronu)<\/h4>\n\n\n\n<p>Pre ve\u013ek\u00e9 objekty, budovy alebo \u0165a\u017eko dostupn\u00e9 ter\u00e9ny vyu\u017e\u00edvame technol\u00f3giu fotogrametrie pomocou dronov. Na z\u00e1klade stoviek detailn\u00fdch leteck\u00fdch fotografi\u00ed dok\u00e1\u017eeme vytvori\u0165 presn\u00fd a plne text\u00farovan\u00fd 3D model.<\/p>\n\n\n\n<div class=\"wp-block-group is-nowrap is-layout-flex wp-container-core-group-is-layout-ad2f72ca wp-block-group-is-layout-flex\">\n<ul class=\"wp-block-list\">\n<li><strong>Vyu\u017eitie:<\/strong> Digitaliz\u00e1cia budov, historick\u00fdch pamiatok, priemyseln\u00fdch are\u00e1lov a mapovanie ter\u00e9nu.<\/li>\n\n\n\n<li><strong>V\u00fdhody:<\/strong> Bezpe\u010dn\u00e9 a r\u00fdchle zameranie nepr\u00edstupn\u00fdch objektov z vt\u00e1\u010dej perspekt\u00edvy bez potreby \u0165a\u017ekej techniky.<\/li>\n<\/ul>\n\n\n\n<figure class=\"wp-block-image size-full is-resized\"><img loading=\"lazy\" decoding=\"async\" width=\"837\" height=\"600\" src=\"https:\/\/pronetis.eu\/wp-content\/uploads\/2026\/02\/74.jpg\" alt=\"\" class=\"wp-image-151\" style=\"width:250px;height:auto\" srcset=\"https:\/\/pronetis.eu\/wp-content\/uploads\/2026\/02\/74.jpg 837w, https:\/\/pronetis.eu\/wp-content\/uploads\/2026\/02\/74-300x215.jpg 300w, https:\/\/pronetis.eu\/wp-content\/uploads\/2026\/02\/74-768x551.jpg 768w\" sizes=\"auto, (max-width: 837px) 100vw, 837px\" \/><\/figure>\n<\/div>\n\n\n\n<h4 class=\"wp-block-heading\">3. Reverzn\u00e9 in\u017einierstvo (Znovuzrodenie a inov\u00e1cia)<\/h4>\n\n\n\n<div class=\"wp-block-group is-nowrap is-layout-flex wp-container-core-group-is-layout-ad2f72ca wp-block-group-is-layout-flex\">\n<p>Naskenovan\u00e9 d\u00e1ta s\u00fa len za\u010diatkom. Pomocou reverzn\u00e9ho in\u017einierstva tieto d\u00e1ta analyzujeme a prev\u00e1dzame do plnohodnotn\u00fdch parametrick\u00fdch 3D CAD modelov.<\/p>\n<\/div>\n\n\n\n<div class=\"wp-block-group is-nowrap is-layout-flex wp-container-core-group-is-layout-ad2f72ca wp-block-group-is-layout-flex\">\n<ul class=\"wp-block-list\">\n<li><strong>Vyu\u017eitie:<\/strong> Tvorba v\u00fdkresovej dokument\u00e1cie k star\u0161\u00edm dielom, obnova po\u0161koden\u00fdch a zlomen\u00fdch s\u00fa\u010diastok.<\/li>\n\n\n\n<li><strong>V\u00fdhody:<\/strong> Umo\u017e\u0148uje n\u00e1m nielen znovuvytvori\u0165 p\u00f4vodn\u00fd diel, ale ho aj dizajnovo upravi\u0165, zosilni\u0165 kritick\u00e9 miesta alebo inak zoptimalizova\u0165 pre lep\u0161iu funk\u010dnos\u0165.<\/li>\n<\/ul>\n\n\n\n<figure class=\"wp-block-image size-full\"><img loading=\"lazy\" decoding=\"async\" width=\"538\" height=\"363\" src=\"https:\/\/pronetis.eu\/wp-content\/uploads\/2026\/02\/sluzby-cad.png\" alt=\"\" class=\"wp-image-148\" srcset=\"https:\/\/pronetis.eu\/wp-content\/uploads\/2026\/02\/sluzby-cad.png 538w, https:\/\/pronetis.eu\/wp-content\/uploads\/2026\/02\/sluzby-cad-300x202.png 300w, https:\/\/pronetis.eu\/wp-content\/uploads\/2026\/02\/sluzby-cad-400x270.png 400w\" sizes=\"auto, (max-width: 538px) 100vw, 538px\" \/><\/figure>\n<\/div>\n\n\n\n<h4 class=\"wp-block-heading\">4. Profesion\u00e1lna 3D tla\u010d (Vysok\u00e1 odolnos\u0165 a flexibilita)<\/h4>\n\n\n\n<p>Ke\u010f m\u00e1me pripraven\u00fd odladen\u00fd 3D model, nasleduje r\u00fdchla v\u00fdroba pomocou \u0161pi\u010dkov\u00fdch FDM\/FFF technol\u00f3gi\u00ed. V\u010faka modern\u00e9mu strojov\u00e9mu parku dok\u00e1\u017eeme realizova\u0165 ve\u013ekoform\u00e1tov\u00e9 v\u00fdtla\u010dky, ako aj produkciu z extr\u00e9mne odoln\u00fdch technick\u00fdch materi\u00e1lov.<\/p>\n\n\n\n<div class=\"wp-block-group is-nowrap is-layout-flex wp-container-core-group-is-layout-ad2f72ca wp-block-group-is-layout-flex\">\n<ul class=\"wp-block-list\">\n<li><strong>Materi\u00e1ly:<\/strong> Tla\u010d\u00edme z pevn\u00fdch kon\u0161truk\u010dn\u00fdch plastov (PETG, ABS, ASA), flexibiln\u00fdch materi\u00e1lov (TPU) aj zo \u0161peci\u00e1lnych kompozitov s pr\u00edmesou karb\u00f3nov\u00fdch vl\u00e1kien pre maxim\u00e1lnu mechanick\u00fa odolnos\u0165.<\/li>\n\n\n\n<li><strong>V\u00fdhody:<\/strong> Schopnos\u0165 tla\u010di\u0165 modely v\u00e4\u010d\u0161\u00edch rozmerov, mo\u017enos\u0165 viacmateri\u00e1lovej tla\u010de (napr. pevn\u00fd diel s integrovan\u00fdm m\u00e4kk\u00fdm tesnen\u00edm) a pou\u017eitie rozpustn\u00fdch podp\u00f4r pre zlo\u017eit\u00e9 tvary bez kompromisov v kvalite povrchu.<\/li>\n<\/ul>\n\n\n\n<figure class=\"wp-block-image size-full\"><img loading=\"lazy\" decoding=\"async\" width=\"429\" height=\"429\" src=\"https:\/\/pronetis.eu\/wp-content\/uploads\/2026\/02\/454-3.jpg\" alt=\"\" class=\"wp-image-158\" srcset=\"https:\/\/pronetis.eu\/wp-content\/uploads\/2026\/02\/454-3.jpg 429w, https:\/\/pronetis.eu\/wp-content\/uploads\/2026\/02\/454-3-300x300.jpg 300w, https:\/\/pronetis.eu\/wp-content\/uploads\/2026\/02\/454-3-150x150.jpg 150w\" sizes=\"auto, (max-width: 429px) 100vw, 429px\" \/><\/figure>\n<\/div>\n\n\n\n<hr class=\"wp-block-separator has-alpha-channel-opacity\"\/>\n\n\n\n<p><strong>Pre\u010do realizova\u0165 3D projekty s nami?<\/strong> Nemus\u00edte h\u013eada\u0165 viacer\u00fdch dod\u00e1vate\u013eov. Od zamerania objektu dronom, cez detailn\u00e9 naskenovanie s\u00fa\u010diastky, \u00fapravu modelu v po\u010d\u00edta\u010di a\u017e po fin\u00e1lnu 3D tla\u010d z odoln\u00fdch polym\u00e9rov \u2013 v\u0161etko rie\u0161ime my. \u010ci u\u017e potrebujete \u00faplne nov\u00fd funk\u010dn\u00fd prototyp, alebo len adekv\u00e1tnu plastov\u00fa \u010di kompozitn\u00fa n\u00e1hradu za star\u00fd zni\u010den\u00fd diel, postar\u00e1me sa o to.<\/p>\n\n\n\n<p><strong>M\u00e1te projekt, s ktor\u00fdm v\u00e1m vieme pom\u00f4c\u0165?<\/strong> Nev\u00e1hajte n\u00e1s kontaktova\u0165 pre nez\u00e1v\u00e4zn\u00fa konzult\u00e1ciu a cenov\u00fa ponuku.<\/p>\n\n\n\n<hr class=\"wp-block-separator has-alpha-channel-opacity\"\/>\n<!-- sktbuilder starter --><script type=\"text\/javascript\" src=\"https:\/\/pronetis.eu\/wp-content\/plugins\/skt-builder\/sktbuilder\/sktbuilder-frontend-starter.js\"><\/script><script type=\"text\/javascript\" src=\"https:\/\/pronetis.eu\/wp-content\/plugins\/skt-builder\/sktbuilder-wordpress-driver.js\"><\/script><script type=\"text\/javascript\"> var starter = new SktbuilderStarter({\"mode\": \"prod\", \"skip\":[\"jquery\",\"underscore\",\"backbone\"],\"sktbuilderUrl\": \"https:\/\/pronetis.eu\/wp-content\/plugins\/skt-builder\/sktbuilder\/\", \"driver\": new SktbuilderWordpressDriver({\"ajaxUrl\": \"https:\/\/pronetis.eu\/wp-admin\/admin-ajax.php\", \"iframeUrl\": \"https:\/\/pronetis.eu\/?page_id=57&sktbuilder=true\", \"pageId\": 57,  \"nonce\": \"09a8a59ab8\", \"pages\": [{\"title\":\"No title\",\"url\":\"https:\\\/\\\/pronetis.eu\\\/wp-admin\\\/post.php?post=56&action=sktbuilder\"}], \"page\": \"3D slu\u017eby\" }) });<\/script><!-- end sktbuilder starter -->","protected":false},"excerpt":{"rendered":"<p>Komplexn\u00e9 3D slu\u017eby: Od fyzickej predlohy a\u017e po hotov\u00fd produkt V Pronetis, s.r.o. pon\u00fakame ucelen\u00e9 rie\u0161enia v oblasti 3D technol\u00f3gi\u00ed. \u010ci u\u017e potrebujete nahradi\u0165 po\u0161koden\u00fa s\u00fa\u010diastku, zdigitalizova\u0165 rozsiahly objekt z v\u00fd\u0161ky, alebo vyrobi\u0165 plne funk\u010dn\u00fd prototyp, n\u00e1\u0161 technologick\u00fd proces pokryje v\u0161etky va\u0161e po\u017eiadavky pod jednou strechou. V\u010faka prepojeniu 3D skenovania, leteckej fotogrametrie, reverzn\u00e9ho in\u017einierstva a<br \/><a class=\"moretag\" href=\"https:\/\/pronetis.eu\/?page_id=57\">+ Read More<\/a><\/p>\n","protected":false},"author":1,"featured_media":0,"parent":0,"menu_order":0,"comment_status":"closed","ping_status":"closed","template":"","meta":{"footnotes":""},"class_list":["post-57","page","type-page","status-publish","hentry"],"_links":{"self":[{"href":"https:\/\/pronetis.eu\/index.php?rest_route=\/wp\/v2\/pages\/57","targetHints":{"allow":["GET"]}}],"collection":[{"href":"https:\/\/pronetis.eu\/index.php?rest_route=\/wp\/v2\/pages"}],"about":[{"href":"https:\/\/pronetis.eu\/index.php?rest_route=\/wp\/v2\/types\/page"}],"author":[{"embeddable":true,"href":"https:\/\/pronetis.eu\/index.php?rest_route=\/wp\/v2\/users\/1"}],"replies":[{"embeddable":true,"href":"https:\/\/pronetis.eu\/index.php?rest_route=%2Fwp%2Fv2%2Fcomments&post=57"}],"version-history":[{"count":3,"href":"https:\/\/pronetis.eu\/index.php?rest_route=\/wp\/v2\/pages\/57\/revisions"}],"predecessor-version":[{"id":161,"href":"https:\/\/pronetis.eu\/index.php?rest_route=\/wp\/v2\/pages\/57\/revisions\/161"}],"wp:attachment":[{"href":"https:\/\/pronetis.eu\/index.php?rest_route=%2Fwp%2Fv2%2Fmedia&parent=57"}],"curies":[{"name":"wp","href":"https:\/\/api.w.org\/{rel}","templated":true}]}}